265?
185
What is the greatest common divisor of 680 and 119751400?
680
What is the greatest common divisor of 184 and 6650082?
46
Calculate the highest common divisor of 1575 and 63276318.
63
What is the highest common divisor of 283885371 and 4158?
2079
What is the greatest common divisor of 8193466 and 4014?
446
Calculate the highest common divisor of 3870 and 79108605.
1935
What is the greatest common divisor of 317 and 2512859?
317
What is the greatest common factor of 4292249 and 39?
13
Calculate the greatest common factor of 1660 and 1661560.
20
What is the greatest common factor of 1658606 and 2053726?
898
What is the highest common factor of 2890359 and 6345?
423
Calculate the highest common factor of 340 and 9453780.
20
What is the highest common divisor of 238828998 and 6?
6
What is the greatest common factor of 2457 and 554885370?
351
What is the greatest common divisor of 651890 and 9120?
190
What is the highest common factor of 784457368 and 23648?
5912
What is the highest common divisor of 210002 and 684905?
533
What is the highest common divisor of 155917 and 1288?
23
What is the greatest common factor of 16821 and 580705776?
5607
What is the greatest common divisor of 11805160 and 1160?
40
What is the highest common factor of 180 and 28298664?
36
What is the highest common factor of 14605008 and 10945?
2189
What is the highest common factor of 4994 and 23299961?
227
Calculate the highest common factor of 4009772 and 930436.
1508
What is the greatest common factor of 9142 and 15251468?
1306
What is the highest common divisor of 1421071 and 31?
31
Calculate the greatest common factor of 2340 and 1351428.
156
What is the highest common divisor of 45365552 and 1264?
16
Calculate the greatest common factor of 353518784 and 233.
233
Calculate the greatest common factor of 52 and 27499140.
4
What is the highest common factor of 7200 and 350478?
18
Calculate the greatest common factor of 3200 and 1736576.
128
Calculate the highest common divisor of 930 and 653710.
10
Calculate the highest common factor of 253314 and 5832.
54
Calculate the greatest common factor of 428910 and 20910.
510
What is the highest common factor of 20200 and 1709930?
1010
Calculate the highest common divisor of 47329 and 1033765.
2491
Calculate the highest common factor of 182258955 and 45.
45
Calculate the greatest common factor of 5422641 and 11433.
309
What is the greatest common divisor of 80955 and 23037?
21
Calculate the highest common factor of 284875 and 8170.
215
What is the highest common divisor of 185 and 1934064?
37
What is the greatest common divisor of 237321326 and 986?
986
What is the greatest common factor of 513975 and 1017181?
979
Calculate the greatest common factor of 112 and 1193197292.
28
Calculate the greatest common factor of 104 and 103723932.
52
What is the highest common factor of 4820220 and 68625?
2745
Calculate the greatest common divisor of 9390157 and 549.
61
What is the greatest common divisor of 1016240 and 26176?
16
What is the greatest common divisor of 7317 and 20331504?
2439
Calculate the highest common divisor of 2293 and 82783.
1
What is the highest common divisor of 50302430 and 6405?
305
Calculate the greatest common factor of 605 and 163633965.
55
What is the highest common divisor of 9160 and 2739640?
40
Calculate the highest common factor of 24434916 and 11220.
2244
What is the highest common factor of 52732842 and 14598?
4866
What is the highest common divisor of 2183 and 1008251?
59
Calculate the greatest common divisor of 310871 and 187561.
649
Calculate the greatest common divisor of 446 and 634916234.
446
Calculate the highest common factor of 154 and 11234531.
77
What is the greatest common divisor of 8 and 4352618?
2
Calculate the greatest common factor of 314 and 32865124.
314
What is the highest common factor of 1701 and 22132197?
243
Calculate the greatest common factor of 7184 and 10753264.
16
What is the highest common divisor of 140699 and 351?
13
What is the highest common factor of 807 and 631671987?
807
What is the greatest common factor of 9194825 and 1472?
23
What is the greatest common factor of 2671118 and 25402?
1954
What is the highest common divisor of 56732 and 1894204?
52
Calculate the highest common divisor of 93981 and 333.
3
What is the greatest common divisor of 1181 and 2745619506?
1181
Calculate the greatest common divisor of 1155278554 and 34.
34
What is the greatest common divisor of 13970495 and 11?
11
What is the highest common factor of 3768654 and 148458?
1362
What is the greatest common divisor of 464513106 and 92?
46
What is the greatest common divisor of 3412801 and 391?
17
Calculate the greatest common divisor of 1086 and 26516862.
1086
Calculate the highest common divisor of 2071 and 18667481.
19
What is the greatest common factor of 1728 and 2140776?
216
What is the greatest common divisor of 178209 and 1503?
9
Calculate the highest common factor of 29132725 and 1475.
1475
Calculate the greatest common factor of 65 and 2003443.
13
Calculate the highest common divisor of 206597878 and 148534.
6458
Calculate the highest common divisor of 130 and 77550.
10
Calculate the highest common divisor of 458872533 and 13284.
3321
What is the greatest common factor of 168911 and 474863?
3187
What is the highest common divisor of 34816 and 328168?
136
What is the highest common factor of 1949307 and 141?
3
Calculate the highest common factor of 322 and 5965855.
161
What is the highest common factor of 3145601594 and 4946?
4946
Calculate the highest common divisor of 39 and 8944377.
39
What is the greatest common divisor of 743877 and 282?
3
Calculate the greatest common factor of 25 and 5808028475.
25
What is the highest common factor of 1530 and 37123155?
765
What is the greatest common factor of 242477 and 11653?
43
Calculate the greatest common divisor of 68 and 152017043.
17
What is the highest common divisor of 18870806 and 1136?
142
What is the highest common divisor of 126 and 831047070?
42
Calculate the greatest common factor of 126746 and 16256.
254
Calculate the greatest common divisor of 2072 and 72021018.
74
What is the highest common factor of 2693484 and 4140?
828
What is the highest common divisor of 192 and 5833512?
24
Calculate the greatest common factor of 7122075 and 675.
75
Calculate the highest common divisor of 9917580 and 10.
10
What is the greatest common divisor of 410 and 463120010?
410
Calculate the highest common factor of 61050 and 157602610.
4070
Calculate the highest common divisor of 396 and 25447851.
99
Calculate the greatest common divisor of 6 and 191399037.
3
What is the greatest common factor of 22 and 22216931?
11
Calculate the greatest common factor of 191808 and 14.
2
What is the greatest common factor of 1021099 and 76327?
601
Calculate the highest common factor of 12 and 4006088.
4
What is the highest common divisor of 68674554 and 18?
18
Calculate the highest common divisor of 5559541 and 2840288.
8069
Calculate the greatest common divisor of 439166 and 887222.
1778
Calculate the greatest common divisor of 2070582 and 2419.
41
Calculate the greatest common factor of 26199 and 64889101.
2911
What is the greatest common factor of 51584 and 74958?
806
Calculate the highest common factor of 8 and 310474460.
4
Calculate the greatest common divisor of 59438 and 7590662.
226
Calculate the greatest common factor of 72 and 17316216.
72
Calculate the greatest common divisor of 261001629 and 476.
119
What is the highest common factor of 28 and 22109423?
7
Calculate the greatest common factor of 19026 and 4721598.
126
What is the highest common divisor of 10223939 and 15885?
353
What is the greatest common divisor of 187440 and 18552655?
3905
What is the highest common factor of 2816 and 5808688?
16
Calculate the greatest common divisor of 574790 and 83585.
1145
Calculate the greatest common divisor of 89151341 and 137299.
4429
Calculate the greatest common divisor of 805203545 and 355.
355
What is the highest common divisor of 80927 and 16247?
77
What is the highest common factor of 4777 and 113639491?
281
Calculate the highest common factor of 636605 and 1045.
5
What is the highest common factor of 18 and 32567382?
18
Calculate the highest common div